e prime factors of 4984966.
2, 7, 50867
What are the prime factors of 565063?
17, 43, 773
What are the prime factors of 2022010?
2, 5, 202201
What are the prime factors of 12522315?
3, 5, 13, 64217
What are the prime factors of 1344239?
13, 53, 1951
What are the prime factors of 679867?
679867
What are the prime factors of 10822107?
3, 103, 35023
List the prime factors of 2421244.
2, 7, 43, 2011
List the prime factors of 231948.
2, 3, 17, 379
What are the prime factors of 899767?
11, 157, 521
List the prime factors of 10309153.
19, 542587
What are the prime factors of 1253398?
2, 107, 5857
List the prime factors of 266862.
2, 3, 79, 563
List the prime factors of 567537.
3, 139, 1361
List the prime factors of 467878.
2, 233939
What are the prime factors of 10357?
10357
List the prime factors of 191882.
2, 37, 2593
What are the prime factors of 291079?
37, 7867
What are the prime factors of 1863413?
1863413
List the prime factors of 1404804.
2, 3, 167, 701
List the prime factors of 1401932.
2, 7, 50069
What are the prime factors of 1576781?
1576781
List the prime factors of 11910458.
2, 7, 23, 47, 787
List the prime factors of 2344212.
2, 3, 13, 5009
What are the prime factors of 6254020?
2, 5, 312701
List the prime factors of 18822954.
2, 3, 3137159
List the prime factors of 16805588.
2, 17, 247141
What are the prime factors of 4299105?
3, 5, 29, 9883
What are the prime factors of 408473?
13, 2417
What are the prime factors of 370235?
5, 74047
List the prime factors of 687669.
3, 229223
List the prime factors of 4700908.
2, 17, 73, 947
List the prime factors of 1994982.
2, 3, 11, 167, 181
List the prime factors of 209102.
2, 104551
What are the prime factors of 10442198?
2, 13, 223, 1801
What are the prime factors of 3562890?
2, 3, 5, 113, 1051
What are the prime factors of 334023?
3, 111341
List the prime factors of 10818226.
2, 1163, 4651
What are the prime factors of 225864?
2, 3, 3137
List the prime factors of 3775662.
2, 3, 11, 19069
What are the prime factors of 192241?
7, 29, 947
List the prime factors of 215404.
2, 7, 157
List the prime factors of 2053991.
17, 120823
What are the prime factors of 1198169?
7, 171167
List the prime factors of 891645.
3, 5, 59443
List the prime factors of 59104.
2, 1847
What are the prime factors of 4290216?
2, 3, 7, 25537
What are the prime factors of 2717281?
7, 388183
List the prime factors of 4503564.
2, 3, 13, 9623
What are the prime factors of 28120521?
3, 11, 13, 59, 101
List the prime factors of 322645.
5, 173, 373
What are the prime factors of 3264729?
3, 13, 97, 863
What are the prime factors of 809096?
2, 19, 5323
List the prime factors of 4786606.
2, 11, 217573
List the prime factors of 805287.
3, 7, 31, 1237
What are the prime factors of 1185701?
11, 107791
What are the prime factors of 1386365?
5, 277273
List the prime factors of 843274.
2, 47, 8971
What are the prime factors of 502682?
2, 37, 6793
What are the prime factors of 555047?
19, 131, 223
List the prime factors of 7318440.
2, 3, 5, 29, 701
List the prime factors of 16611526.
2, 523, 15881
What are the prime factors of 10765335?
3, 5, 7, 17, 37, 163
List the prime factors of 39377114.
2, 7, 2812651
What are the prime factors of 87986?
2, 29, 37, 41
What are the prime factors of 3408990?
2, 3, 5, 13, 8741
What are the prime factors of 363219?
3, 41, 2953
List the prime factors of 6036225.
3, 5, 13, 41, 151
What are the prime factors of 25299145?
5, 17, 367, 811
What are the prime factors of 313981?
313981
List the prime factors of 2045627.
17, 120331
What are the prime factors of 16538012?
2, 23, 67, 2683
What are the prime factors of 832801?
832801
What are the prime factors of 463580?
2, 5, 13, 1783
What are the prime factors of 3235547?
7, 462221
What are the prime factors of 2093131?
2093131
What are the prime factors of 1298228?
2, 324557
What are the prime factors of 701299?
701299
What are the prime factors of 10522099?
7, 17, 29, 3049
List the prime factors of 1441154.
2, 11, 13, 5039
List the prime factors of 58487.
11, 13, 409
List the prime factors of 3195154.
2, 19, 47, 1789
What are the prime factors of 13563697?
7, 683, 2837
List the prime factors of 110736.
2, 3, 769
List the prime factors of 631415.
5, 293, 431
List the prime factors of 622784.
2, 37, 263
List the prime factors of 27289039.
3797, 7187
What are the prime factors of 151237?
151237
What are the prime factors of 570197?
17, 1973
What are the prime factors of 195045?
3, 5, 13003
List the prime factors of 126147.
3, 7, 6007
List the prime factors of 3240199.
29, 111731
What are the prime factors of 1081129?
7, 41, 3767
List the prime factors of 27687426.
2, 3, 13, 137, 2591
What are the prime factors of 507676?
2, 13, 751
List the prime factors of 1480331.
1480331
What are the prime factors of 8048834?
2, 29, 73, 1901
What are the prime factors of 973403?
17, 57259
List the prime factors of 14473775.
5, 61, 9491
What are the prime factors of 1469822?
2, 734911
List the prime factors of 98514.
2, 3, 13, 421
List the prime factors of 5685518.
2, 547, 5197
What are the prime factors of 841055?
5, 168211
List the prime factors of 103819.
17, 31, 197
What are the prime factors of 148592?
2, 37, 251
List the prime factors of 3817745.
5, 763549
What are the prime factors of 1226139?
3, 408713
What are the prime factors of 609191?
11, 55381
What are the prime factors of 2623246?
2, 1311623
What are the prime factors of 420491?
569, 739
What are the prime factors of 20887638?
2, 3, 3481273
List the prime factors of 376949.
376949
List the prime factors of 1095738.
2, 3, 7, 3727
What are the prime factors of 5280029?
367, 14387
What are the prime factors of 27095552?
2, 11, 17, 283
What are the prime factors of 782405?
5, 13, 12037
What are the prime factors of 13304453?
13304453
List the prime factors of 4288297.
13, 59, 5591
List the prime factors of 454328.
2, 7, 19, 61
List the prime factors of 21213339.
3, 7, 67, 15077
List the prime factors of 25339.
25339
List the prime factors of 16476882.
2, 3, 2746147
What are the prime factors of 303242?
2, 31, 67, 73
List the prime factors of 17094519.
3, 13, 11239
List the prime factors of 3838707.
3, 41, 101, 103
List the prime factors of 154849.
154849
List the prime factors of 20832170.
2, 5, 19, 83, 1321
List the prime factors of 213874.
2, 106937
What are the prime factors of 406294?
2, 7, 29021
What are the prime factors of 1000430?
2, 5, 100043
What are the prime factors of 1411692?
2, 3, 47, 2503
List the prime factors of 10122809.
191, 52999
What are the prime factors of 136011?
3, 45337
What are the prime factors of 416949?
3, 13, 10691
List the prime factors of 529403.
7, 75629
List the prime factors of 893666.
2, 73, 6121
What are the prime factors of 607151?
607151
List the prime factors of 268143.
3, 89381
What are the prime factors of 14046725?
5, 7, 11, 7297
What are the prime factors of 572321?
572321
What are the prime factors of 6244187?
6244187
What are the prime factors of 4153915?
5, 23, 41, 881
What are the prime factors of 160815?
3, 5, 71, 151
List the prime factors of 739415.
5, 17, 8699
What are the prime factors of 23229992?
2, 2903749
What are the prime factors of 5099953?
1097, 4649
List the prime factors of 14657073.
3, 4885691
List the prime factors of 25740648.
2, 3, 357509
What are the prime factors of 287244?
2, 3, 79, 101
What are the prime factors of 4346600?
2, 5, 103, 211
What are the prime factors of 251282?
2, 125641
List the prime factors of 122221.
11, 41, 271
What are the prime factors of 897203?
41, 79, 277
What are the prime factors of 401398?
2, 200699
List the prime factors of 8323278.
2, 3, 1387213
List the prime factors of 9538730.
2, 5, 953873
List the prime factors of 671156.
2, 19, 8831
What are the prime factors of 15260558?
2, 7630279
List the prime factors of 452174.
2, 226087
List the prime factors of 829143.
3, 7, 41, 107
List the prime factors of 1201794.
2, 3, 11, 131, 139
List the prime factors of 1898461.
19, 163, 613
What are the prime factors of 3495853?
239, 14627
List the prime factors of 98209.
17, 53, 109
What are the prime factors of 44870?
2, 5, 7, 641
List the prime factors of 5065786.
2, 11, 173
What are the prime factors of 207715?
5, 41543
What